{"id":2216,"date":"2014-04-16T13:54:09","date_gmt":"2014-04-16T13:54:09","guid":{"rendered":"https:\/\/lafura.com\/new\/obras\/trilogia-romana-2\/"},"modified":"2014-05-20T09:56:55","modified_gmt":"2014-05-20T09:56:55","slug":"trilogia-romana","status":"publish","type":"portfolio","link":"https:\/\/lafura.com\/ca\/obres\/trilogia-romana\/","title":{"rendered":"Trilog\u00eda Romana"},"content":{"rendered":"","protected":false},"featured_media":293,"menu_order":0,"template":"","categories":[],"portfolio-directores":[1284],"class_list":["post-2216","portfolio","type-portfolio","status-publish","has-post-thumbnail","hentry","portfolio-category-opera-ca","portfolio-year-2011-ca","portfolio-year-2013-ca","portfolio-lugarestreno-bologna","portfolio-lugarestreno-palau-de-les-arts-reina-sofia","portfolio-directores-carlus-padrissa-ca"],"acf":[],"yoast_head":"<!-- This site is optimized with the Yoast SEO plugin v27.4 - https:\/\/yoast.com\/product\/yoast-seo-wordpress\/ -->\n<title>Trilog\u00eda Romana - La Fura dels Baus<\/title>\n<meta name=\"description\" content=\"Es tracta de visualitzar les l\u00ednies lluminoses que desprenen les ones sonores produ\u00efdes per l&#039;orquestra simf\u00f2nica i reinterpretar, al mateix temps, les idees que van passar pel cap de Respighi mentre componia les tres genials partitures. M\u00fasica i llum, imatges i moviment. Un joc de correspond\u00e8ncies entre el foc interior de l&#039;\u00e9sser hum\u00e0 i la mat\u00e8ria: pedra \/ aigua \/ pi.\" \/>\n<meta name=\"robots\" content=\"index, follow, max-snippet:-1, max-image-preview:large, max-video-preview:-1\" \/>\n<link rel=\"canonical\" href=\"https:\/\/lafura.com\/ca\/obres\/trilogia-romana\/\" \/>\n<meta property=\"og:locale\" content=\"ca_ES\" \/>\n<meta property=\"og:type\" content=\"article\" \/>\n<meta property=\"og:title\" content=\"Trilog\u00eda Romana - La Fura dels Baus\" \/>\n<meta property=\"og:description\" content=\"Es tracta de visualitzar les l\u00ednies lluminoses que desprenen les ones sonores produ\u00efdes per l&#039;orquestra simf\u00f2nica i reinterpretar, al mateix temps, les idees que van passar pel cap de Respighi mentre componia les tres genials partitures. M\u00fasica i llum, imatges i moviment. Un joc de correspond\u00e8ncies entre el foc interior de l&#039;\u00e9sser hum\u00e0 i la mat\u00e8ria: pedra \/ aigua \/ pi.\" \/>\n<meta property=\"og:url\" content=\"https:\/\/lafura.com\/ca\/obres\/trilogia-romana\/\" \/>\n<meta property=\"og:site_name\" content=\"La Fura dels Baus\" \/>\n<meta property=\"article:publisher\" content=\"http:\/\/www.facebook.com\/furadelsbaus\" \/>\n<meta property=\"article:modified_time\" content=\"2014-05-20T09:56:55+00:00\" \/>\n<meta property=\"og:image\" content=\"https:\/\/lafura.com\/wp-content\/uploads\/2014\/04\/Trilogia_Caracalla1-1.jpeg\" \/>\n\t<meta property=\"og:image:width\" content=\"600\" \/>\n\t<meta property=\"og:image:height\" content=\"400\" \/>\n\t<meta property=\"og:image:type\" content=\"image\/jpeg\" \/>\n<meta name=\"twitter:card\" content=\"summary_large_image\" \/>\n<meta name=\"twitter:site\" content=\"@lafuradelsbaus\" \/>\n<script type=\"application\/ld+json\" class=\"yoast-schema-graph\">{\"@context\":\"https:\\\/\\\/schema.org\",\"@graph\":[{\"@type\":\"WebPage\",\"@id\":\"https:\\\/\\\/lafura.com\\\/ca\\\/obres\\\/trilogia-romana\\\/\",\"url\":\"https:\\\/\\\/lafura.com\\\/ca\\\/obres\\\/trilogia-romana\\\/\",\"name\":\"Trilog\u00eda Romana - La Fura dels Baus\",\"isPartOf\":{\"@id\":\"https:\\\/\\\/lafura.com\\\/#website\"},\"primaryImageOfPage\":{\"@id\":\"https:\\\/\\\/lafura.com\\\/ca\\\/obres\\\/trilogia-romana\\\/#primaryimage\"},\"image\":{\"@id\":\"https:\\\/\\\/lafura.com\\\/ca\\\/obres\\\/trilogia-romana\\\/#primaryimage\"},\"thumbnailUrl\":\"https:\\\/\\\/lafura.com\\\/wp-content\\\/uploads\\\/2014\\\/04\\\/Trilogia_Caracalla1-1.jpeg\",\"datePublished\":\"2014-04-16T13:54:09+00:00\",\"dateModified\":\"2014-05-20T09:56:55+00:00\",\"description\":\"Es tracta de visualitzar les l\u00ednies lluminoses que desprenen les ones sonores produ\u00efdes per l'orquestra simf\u00f2nica i reinterpretar, al mateix temps, les idees que van passar pel cap de Respighi mentre componia les tres genials partitures. M\u00fasica i llum, imatges i moviment. Un joc de correspond\u00e8ncies entre el foc interior de l'\u00e9sser hum\u00e0 i la mat\u00e8ria: pedra \\\/ aigua \\\/ pi.\",\"breadcrumb\":{\"@id\":\"https:\\\/\\\/lafura.com\\\/ca\\\/obres\\\/trilogia-romana\\\/#breadcrumb\"},\"inLanguage\":\"ca\",\"potentialAction\":[{\"@type\":\"ReadAction\",\"target\":[\"https:\\\/\\\/lafura.com\\\/ca\\\/obres\\\/trilogia-romana\\\/\"]}]},{\"@type\":\"ImageObject\",\"inLanguage\":\"ca\",\"@id\":\"https:\\\/\\\/lafura.com\\\/ca\\\/obres\\\/trilogia-romana\\\/#primaryimage\",\"url\":\"https:\\\/\\\/lafura.com\\\/wp-content\\\/uploads\\\/2014\\\/04\\\/Trilogia_Caracalla1-1.jpeg\",\"contentUrl\":\"https:\\\/\\\/lafura.com\\\/wp-content\\\/uploads\\\/2014\\\/04\\\/Trilogia_Caracalla1-1.jpeg\",\"width\":600,\"height\":400},{\"@type\":\"BreadcrumbList\",\"@id\":\"https:\\\/\\\/lafura.com\\\/ca\\\/obres\\\/trilogia-romana\\\/#breadcrumb\",\"itemListElement\":[{\"@type\":\"ListItem\",\"position\":1,\"name\":\"Home\",\"item\":\"https:\\\/\\\/lafura.com\\\/ca\\\/\"},{\"@type\":\"ListItem\",\"position\":2,\"name\":\"Obras\",\"item\":\"https:\\\/\\\/lafura.com\\\/obras\\\/\"},{\"@type\":\"ListItem\",\"position\":3,\"name\":\"Trilog\u00eda Romana\"}]},{\"@type\":\"WebSite\",\"@id\":\"https:\\\/\\\/lafura.com\\\/#website\",\"url\":\"https:\\\/\\\/lafura.com\\\/\",\"name\":\"La Fura dels Baus\",\"description\":\"\",\"publisher\":{\"@id\":\"https:\\\/\\\/lafura.com\\\/#organization\"},\"potentialAction\":[{\"@type\":\"SearchAction\",\"target\":{\"@type\":\"EntryPoint\",\"urlTemplate\":\"https:\\\/\\\/lafura.com\\\/?s={search_term_string}\"},\"query-input\":{\"@type\":\"PropertyValueSpecification\",\"valueRequired\":true,\"valueName\":\"search_term_string\"}}],\"inLanguage\":\"ca\"},{\"@type\":\"Organization\",\"@id\":\"https:\\\/\\\/lafura.com\\\/#organization\",\"name\":\"La Fura dels Baus\",\"alternateName\":\"La Fura\",\"url\":\"https:\\\/\\\/lafura.com\\\/\",\"logo\":{\"@type\":\"ImageObject\",\"inLanguage\":\"ca\",\"@id\":\"https:\\\/\\\/lafura.com\\\/#\\\/schema\\\/logo\\\/image\\\/\",\"url\":\"https:\\\/\\\/lafura.com\\\/wp-content\\\/uploads\\\/2020\\\/05\\\/logo-email.png\",\"contentUrl\":\"https:\\\/\\\/lafura.com\\\/wp-content\\\/uploads\\\/2020\\\/05\\\/logo-email.png\",\"width\":376,\"height\":264,\"caption\":\"La Fura dels Baus\"},\"image\":{\"@id\":\"https:\\\/\\\/lafura.com\\\/#\\\/schema\\\/logo\\\/image\\\/\"},\"sameAs\":[\"http:\\\/\\\/www.facebook.com\\\/furadelsbaus\",\"https:\\\/\\\/x.com\\\/lafuradelsbaus\",\"https:\\\/\\\/www.instagram.com\\\/lafuradelsbaus\\\/\",\"https:\\\/\\\/www.youtube.com\\\/channel\\\/UCDFTh9tfAmjjRBXdCMqgBhg\"]}]}<\/script>\n<!-- \/ Yoast SEO plugin. -->","yoast_head_json":{"title":"Trilog\u00eda Romana - La Fura dels Baus","description":"Es tracta de visualitzar les l\u00ednies lluminoses que desprenen les ones sonores produ\u00efdes per l'orquestra simf\u00f2nica i reinterpretar, al mateix temps, les idees que van passar pel cap de Respighi mentre componia les tres genials partitures. M\u00fasica i llum, imatges i moviment. Un joc de correspond\u00e8ncies entre el foc interior de l'\u00e9sser hum\u00e0 i la mat\u00e8ria: pedra \/ aigua \/ pi.","robots":{"index":"index","follow":"follow","max-snippet":"max-snippet:-1","max-image-preview":"max-image-preview:large","max-video-preview":"max-video-preview:-1"},"canonical":"https:\/\/lafura.com\/ca\/obres\/trilogia-romana\/","og_locale":"ca_ES","og_type":"article","og_title":"Trilog\u00eda Romana - La Fura dels Baus","og_description":"Es tracta de visualitzar les l\u00ednies lluminoses que desprenen les ones sonores produ\u00efdes per l'orquestra simf\u00f2nica i reinterpretar, al mateix temps, les idees que van passar pel cap de Respighi mentre componia les tres genials partitures. M\u00fasica i llum, imatges i moviment. Un joc de correspond\u00e8ncies entre el foc interior de l'\u00e9sser hum\u00e0 i la mat\u00e8ria: pedra \/ aigua \/ pi.","og_url":"https:\/\/lafura.com\/ca\/obres\/trilogia-romana\/","og_site_name":"La Fura dels Baus","article_publisher":"http:\/\/www.facebook.com\/furadelsbaus","article_modified_time":"2014-05-20T09:56:55+00:00","og_image":[{"width":600,"height":400,"url":"https:\/\/lafura.com\/wp-content\/uploads\/2014\/04\/Trilogia_Caracalla1-1.jpeg","type":"image\/jpeg"}],"twitter_card":"summary_large_image","twitter_site":"@lafuradelsbaus","schema":{"@context":"https:\/\/schema.org","@graph":[{"@type":"WebPage","@id":"https:\/\/lafura.com\/ca\/obres\/trilogia-romana\/","url":"https:\/\/lafura.com\/ca\/obres\/trilogia-romana\/","name":"Trilog\u00eda Romana - La Fura dels Baus","isPartOf":{"@id":"https:\/\/lafura.com\/#website"},"primaryImageOfPage":{"@id":"https:\/\/lafura.com\/ca\/obres\/trilogia-romana\/#primaryimage"},"image":{"@id":"https:\/\/lafura.com\/ca\/obres\/trilogia-romana\/#primaryimage"},"thumbnailUrl":"https:\/\/lafura.com\/wp-content\/uploads\/2014\/04\/Trilogia_Caracalla1-1.jpeg","datePublished":"2014-04-16T13:54:09+00:00","dateModified":"2014-05-20T09:56:55+00:00","description":"Es tracta de visualitzar les l\u00ednies lluminoses que desprenen les ones sonores produ\u00efdes per l'orquestra simf\u00f2nica i reinterpretar, al mateix temps, les idees que van passar pel cap de Respighi mentre componia les tres genials partitures. M\u00fasica i llum, imatges i moviment. Un joc de correspond\u00e8ncies entre el foc interior de l'\u00e9sser hum\u00e0 i la mat\u00e8ria: pedra \/ aigua \/ pi.","breadcrumb":{"@id":"https:\/\/lafura.com\/ca\/obres\/trilogia-romana\/#breadcrumb"},"inLanguage":"ca","potentialAction":[{"@type":"ReadAction","target":["https:\/\/lafura.com\/ca\/obres\/trilogia-romana\/"]}]},{"@type":"ImageObject","inLanguage":"ca","@id":"https:\/\/lafura.com\/ca\/obres\/trilogia-romana\/#primaryimage","url":"https:\/\/lafura.com\/wp-content\/uploads\/2014\/04\/Trilogia_Caracalla1-1.jpeg","contentUrl":"https:\/\/lafura.com\/wp-content\/uploads\/2014\/04\/Trilogia_Caracalla1-1.jpeg","width":600,"height":400},{"@type":"BreadcrumbList","@id":"https:\/\/lafura.com\/ca\/obres\/trilogia-romana\/#breadcrumb","itemListElement":[{"@type":"ListItem","position":1,"name":"Home","item":"https:\/\/lafura.com\/ca\/"},{"@type":"ListItem","position":2,"name":"Obras","item":"https:\/\/lafura.com\/obras\/"},{"@type":"ListItem","position":3,"name":"Trilog\u00eda Romana"}]},{"@type":"WebSite","@id":"https:\/\/lafura.com\/#website","url":"https:\/\/lafura.com\/","name":"La Fura dels Baus","description":"","publisher":{"@id":"https:\/\/lafura.com\/#organization"},"potentialAction":[{"@type":"SearchAction","target":{"@type":"EntryPoint","urlTemplate":"https:\/\/lafura.com\/?s={search_term_string}"},"query-input":{"@type":"PropertyValueSpecification","valueRequired":true,"valueName":"search_term_string"}}],"inLanguage":"ca"},{"@type":"Organization","@id":"https:\/\/lafura.com\/#organization","name":"La Fura dels Baus","alternateName":"La Fura","url":"https:\/\/lafura.com\/","logo":{"@type":"ImageObject","inLanguage":"ca","@id":"https:\/\/lafura.com\/#\/schema\/logo\/image\/","url":"https:\/\/lafura.com\/wp-content\/uploads\/2020\/05\/logo-email.png","contentUrl":"https:\/\/lafura.com\/wp-content\/uploads\/2020\/05\/logo-email.png","width":376,"height":264,"caption":"La Fura dels Baus"},"image":{"@id":"https:\/\/lafura.com\/#\/schema\/logo\/image\/"},"sameAs":["http:\/\/www.facebook.com\/furadelsbaus","https:\/\/x.com\/lafuradelsbaus","https:\/\/www.instagram.com\/lafuradelsbaus\/","https:\/\/www.youtube.com\/channel\/UCDFTh9tfAmjjRBXdCMqgBhg"]}]}},"_links":{"self":[{"href":"https:\/\/lafura.com\/ca\/wp-json\/wp\/v2\/portfolio\/2216","targetHints":{"allow":["GET"]}}],"collection":[{"href":"https:\/\/lafura.com\/ca\/wp-json\/wp\/v2\/portfolio"}],"about":[{"href":"https:\/\/lafura.com\/ca\/wp-json\/wp\/v2\/types\/portfolio"}],"wp:featuredmedia":[{"embeddable":true,"href":"https:\/\/lafura.com\/ca\/wp-json\/wp\/v2\/media\/293"}],"wp:attachment":[{"href":"https:\/\/lafura.com\/ca\/wp-json\/wp\/v2\/media?parent=2216"}],"wp:term":[{"taxonomy":"category","embeddable":true,"href":"https:\/\/lafura.com\/ca\/wp-json\/wp\/v2\/categories?post=2216"},{"taxonomy":"portfolio-directores","embeddable":true,"href":"https:\/\/lafura.com\/ca\/wp-json\/wp\/v2\/portfolio-directores?post=2216"}],"curies":[{"name":"wp","href":"https:\/\/api.w.org\/{rel}","templated":true}]}}

Trilogía Romana

<!-- This site is optimized with the Yoast SEO plugin v27.4 - https://yoast.com/product/yoast-seo-wordpress/ -->
<title>Trilogía Romana - La Fura dels Baus</title>
<meta name="description" content="Es tracta de visualitzar les línies lluminoses que desprenen les ones sonores produïdes per l&#039;orquestra simfònica i reinterpretar, al mateix temps, les idees que van passar pel cap de Respighi mentre componia les tres genials partitures. Música i llum, imatges i moviment. Un joc de correspondències entre el foc interior de l&#039;ésser humà i la matèria: pedra / aigua / pi." />
<meta name="robots" content="index, follow, max-snippet:-1, max-image-preview:large, max-video-preview:-1" />
<link rel="canonical" href="https://lafura.com/ca/obres/trilogia-romana/" />
<meta property="og:locale" content="ca_ES" />
<meta property="og:type" content="article" />
<meta property="og:title" content="Trilogía Romana - La Fura dels Baus" />
<meta property="og:description" content="Es tracta de visualitzar les línies lluminoses que desprenen les ones sonores produïdes per l&#039;orquestra simfònica i reinterpretar, al mateix temps, les idees que van passar pel cap de Respighi mentre componia les tres genials partitures. Música i llum, imatges i moviment. Un joc de correspondències entre el foc interior de l&#039;ésser humà i la matèria: pedra / aigua / pi." />
<meta property="og:url" content="https://lafura.com/ca/obres/trilogia-romana/" />
<meta property="og:site_name" content="La Fura dels Baus" />
<meta property="article:publisher" content="http://www.facebook.com/furadelsbaus" />
<meta property="article:modified_time" content="2014-05-20T09:56:55+00:00" />
<meta property="og:image" content="https://lafura.com/wp-content/uploads/2014/04/Trilogia_Caracalla1-1.jpeg" />
	<meta property="og:image:width" content="600" />
	<meta property="og:image:height" content="400" />
	<meta property="og:image:type" content="image/jpeg" />
<meta name="twitter:card" content="summary_large_image" />
<meta name="twitter:site" content="@lafuradelsbaus" />
<script type="application/ld+json" class="yoast-schema-graph">{"@context":"https:\/\/schema.org","@graph":[{"@type":"WebPage","@id":"https:\/\/lafura.com\/ca\/obres\/trilogia-romana\/","url":"https:\/\/lafura.com\/ca\/obres\/trilogia-romana\/","name":"Trilogía Romana - La Fura dels Baus","isPartOf":{"@id":"https:\/\/lafura.com\/#website"},"primaryImageOfPage":{"@id":"https:\/\/lafura.com\/ca\/obres\/trilogia-romana\/#primaryimage"},"image":{"@id":"https:\/\/lafura.com\/ca\/obres\/trilogia-romana\/#primaryimage"},"thumbnailUrl":"https:\/\/lafura.com\/wp-content\/uploads\/2014\/04\/Trilogia_Caracalla1-1.jpeg","datePublished":"2014-04-16T13:54:09+00:00","dateModified":"2014-05-20T09:56:55+00:00","description":"Es tracta de visualitzar les línies lluminoses que desprenen les ones sonores produïdes per l'orquestra simfònica i reinterpretar, al mateix temps, les idees que van passar pel cap de Respighi mentre componia les tres genials partitures. Música i llum, imatges i moviment. Un joc de correspondències entre el foc interior de l'ésser humà i la matèria: pedra \/ aigua \/ pi.","breadcrumb":{"@id":"https:\/\/lafura.com\/ca\/obres\/trilogia-romana\/#breadcrumb"},"inLanguage":"ca","potentialAction":[{"@type":"ReadAction","target":["https:\/\/lafura.com\/ca\/obres\/trilogia-romana\/"]}]},{"@type":"ImageObject","inLanguage":"ca","@id":"https:\/\/lafura.com\/ca\/obres\/trilogia-romana\/#primaryimage","url":"https:\/\/lafura.com\/wp-content\/uploads\/2014\/04\/Trilogia_Caracalla1-1.jpeg","contentUrl":"https:\/\/lafura.com\/wp-content\/uploads\/2014\/04\/Trilogia_Caracalla1-1.jpeg","width":600,"height":400},{"@type":"BreadcrumbList","@id":"https:\/\/lafura.com\/ca\/obres\/trilogia-romana\/#breadcrumb","itemListElement":[{"@type":"ListItem","position":1,"name":"Home","item":"https:\/\/lafura.com\/ca\/"},{"@type":"ListItem","position":2,"name":"Obras","item":"https:\/\/lafura.com\/obras\/"},{"@type":"ListItem","position":3,"name":"Trilogía Romana"}]},{"@type":"WebSite","@id":"https:\/\/lafura.com\/#website","url":"https:\/\/lafura.com\/","name":"La Fura dels Baus","description":"","publisher":{"@id":"https:\/\/lafura.com\/#organization"},"potentialAction":[{"@type":"SearchAction","target":{"@type":"EntryPoint","urlTemplate":"https:\/\/lafura.com\/?s={search_term_string}"},"query-input":{"@type":"PropertyValueSpecification","valueRequired":true,"valueName":"search_term_string"}}],"inLanguage":"ca"},{"@type":"Organization","@id":"https:\/\/lafura.com\/#organization","name":"La Fura dels Baus","alternateName":"La Fura","url":"https:\/\/lafura.com\/","logo":{"@type":"ImageObject","inLanguage":"ca","@id":"https:\/\/lafura.com\/#\/schema\/logo\/image\/","url":"https:\/\/lafura.com\/wp-content\/uploads\/2020\/05\/logo-email.png","contentUrl":"https:\/\/lafura.com\/wp-content\/uploads\/2020\/05\/logo-email.png","width":376,"height":264,"caption":"La Fura dels Baus"},"image":{"@id":"https:\/\/lafura.com\/#\/schema\/logo\/image\/"},"sameAs":["http:\/\/www.facebook.com\/furadelsbaus","https:\/\/x.com\/lafuradelsbaus","https:\/\/www.instagram.com\/lafuradelsbaus\/","https:\/\/www.youtube.com\/channel\/UCDFTh9tfAmjjRBXdCMqgBhg"]}]}</script>
<!-- / Yoast SEO plugin. -->

Trilogía Romana - La Fura dels Baus

Es tracta de visualitzar les línies lluminoses que desprenen les ones sonores produïdes per l'orquestra simfònica i reinterpretar, al mateix temps, les idees que van passar pel cap de Respighi mentre componia les tres genials partitures. Música i llum, imatges i moviment. Un joc de correspondències entre el foc interior de l'ésser humà i la matèria: pedra / aigua / pi.
